{"id":34,"date":"2015-02-22T13:24:53","date_gmt":"2015-02-22T12:24:53","guid":{"rendered":"http:\/\/localhost\/wordpress\/?page_id=34"},"modified":"2025-01-03T19:32:22","modified_gmt":"2025-01-03T17:32:22","slug":"ausstellungen","status":"publish","type":"page","link":"http:\/\/jutta-bettinger.de\/?page_id=34","title":{"rendered":"ausstellungen"},"content":{"rendered":"<p><!--\n \t\n\n<li>2012<\/li>\n\n\n--><br \/>\n<!--\n \t\n\n<li>2013<\/li>\n\n\n--><\/p>\n<table>\n<tbody>\n<tr>\n<td class=\"rechts\">2024<\/td>\n<td>&#8222;Kippmomente&#8220;<br \/>\nJahresausstellung Homburger K\u00fcnstlerInnen,<br \/>\nKulturzentrum Saalbau Homburg<\/td>\n<\/tr>\n<tr>\n<td class=\"rechts\">2024<\/td>\n<td>&#8222;Jubil\u00e4umsausstellung des BBK&#8220;<br \/>\nK\u00fcnstlerhaus in Saarbr\u00fccken<\/td>\n<\/tr>\n<tr>\n<td class=\"rechts\">2024<\/td>\n<td>&#8222;K\u00fcnsterInnen aus dem SaarPfalzKreis&#8220;<br \/>\nGemeinschaftsausstellung<br \/>\nKunststall, Kirkel-Altstadt<\/td>\n<\/tr>\n<tr>\n<td class=\"rechts\">2023<\/td>\n<td>&#8222;Durchbruch&#8220;<br \/>\nJahresausstellung Homburger K\u00fcnstlerInnen,<br \/>\nKulturzentrum Saalbau Homburg<\/td>\n<\/tr>\n<tr>\n<td class=\"rechts\">2023<\/td>\n<td>Atelier Fassel, n\u00f6-tage Pottendorf<\/td>\n<\/tr>\n<tr>\n<td class=\"rechts\">2022<\/td>\n<td>&#8222;Randerscheinungen&#8220;<br \/>\nJahresausstellung Homburger K\u00fcnstlerInnen,<br \/>\nKulturzentrum Saalbau Homburg<\/td>\n<\/tr>\n<tr>\n<td class=\"rechts\">2021<\/td>\n<td>Meer Erde Wald, Ilmenau<\/td>\n<\/tr>\n<tr>\n<td class=\"rechts\">2021<\/td>\n<td>Atelier Fassel, n\u00f6-tage Pottendorf<\/td>\n<\/tr>\n<tr>\n<td class=\"rechts\">2021<\/td>\n<td>Meer Erde Wald, Ilmenau<\/td>\n<\/tr>\n<tr>\n<td class=\"rechts\">2020<\/td>\n<td>&#8222;lost places&#8220;<br \/>\nKreisgalerie S\u00fcdwestpfalz, Dahn<\/td>\n<\/tr>\n<tr>\n<td class=\"rechts\">2019<\/td>\n<td>&#8222;Netzwerk&#8220;<br \/>\ntempor\u00e4rer Schauraum<br \/>\nProduzentengalerie K\u00f6cher, Bexbach<\/td>\n<\/tr>\n<tr>\n<td class=\"rechts\">2019<\/td>\n<td>&#8222;Aus den Fugen&#8220;<br \/>\nJahresausstellung Homburger K\u00fcnstlerInnen,<br \/>\nKulturzentrum Saalbau Homburg<\/td>\n<\/tr>\n<tr>\n<td class=\"rechts\">2019<\/td>\n<td>Meer Erde Wald, Homburg und Saarbr\u00fccken<\/td>\n<\/tr>\n<tr>\n<td class=\"rechts\">2019<\/td>\n<td>Kollektion-Kerpen, Bernkastel-Wehlen<\/td>\n<\/tr>\n<tr>\n<td class=\"rechts\">2019<\/td>\n<td>Union Stiftung, Saarbr\u00fccken<\/td>\n<\/tr>\n<tr>\n<td class=\"rechts\">2019<\/td>\n<td>Kunst und Wein, Bexbach<\/td>\n<\/tr>\n<tr>\n<td class=\"rechts\">2018<\/td>\n<td>Einzelausstellung im<br \/>\nKulturcaf\u00e9 des Kulturverein Burbach e.V.<\/td>\n<\/tr>\n<tr>\n<td class=\"rechts\">2018<\/td>\n<td>&#8222;rote Linien&#8220; &#8211;<br \/>\nJahresausstellung Homburger K\u00fcnstlerInnen,<br \/>\nKulturzentrum Saalbau Homburg<\/td>\n<\/tr>\n<tr>\n<td class=\"rechts\">2017<\/td>\n<td>&#8222;die Neuen&#8220; &#8211;<br \/>\nMitgliedervorstellung des BBK Saar<br \/>\nSaarl\u00e4ndisches K\u00fcnstlerhaus, Saarbr\u00fccken<\/td>\n<\/tr>\n<tr>\n<td class=\"rechts\">2017<\/td>\n<td>&#8222;Starke Zeichen&#8220; &#8211;<br \/>\nJahresausstellung Homburger K\u00fcnstlerInnen,<br \/>\nKulturzentrum Saalbau Homburg<\/td>\n<\/tr>\n<tr>\n<td class=\"rechts\">2017<\/td>\n<td class=\"links\">tempor\u00e4rer Schauraum<br \/>\nProduzentengalerie K\u00f6cher, Bexbach<\/td>\n<\/tr>\n<tr>\n<td class=\"rechts\">2017<\/td>\n<td class=\"links\">Kunst und Wein, Bexbach<\/td>\n<\/tr>\n<tr>\n<td class=\"rechts\">2016<\/td>\n<td>&#8222;Formen der Interaktion&#8220; &#8211;<br \/>\nJahresausstellung Homburger K\u00fcnstlerInnen,<br \/>\nKulturzentrum Saalbau Homburg<\/td>\n<\/tr>\n<tr>\n<td class=\"rechts\">2016<\/td>\n<td class=\"links\">St\u00e4dtische Galerie &#8222;Altes Rathaus&#8220; W\u00f6rth am Rhein<\/td>\n<\/tr>\n<tr>\n<td class=\"rechts\">2016<\/td>\n<td class=\"links\">tempor\u00e4rer Schauraum<br \/>\nProduzentengalerie K\u00f6cher, Bexbach<\/td>\n<\/tr>\n<tr>\n<td class=\"rechts\">2015<\/td>\n<td>&#8222;dem Schein nach&#8220; &#8211; Jahresausstellung Homburger K\u00fcnstlerInnen,<br \/>\nKulturzentrum Saalbau Homburg<\/td>\n<\/tr>\n<tr>\n<td class=\"rechts\">2015<\/td>\n<td class=\"links\">10 j\u00e4hriges Jubil\u00e4um Kunst und Wein, Bexbach<\/td>\n<\/tr>\n<tr>\n<td class=\"rechts\">2015<\/td>\n<td>st\u00e4dtische Galerie im Kulturzentrum, Saalbau Homburg (E)<\/td>\n<\/tr>\n<tr>\n<td class=\"rechts\">2014<\/td>\n<td>&#8222;Touch\u00e9&#8220; &#8211; Jahresausstellung Homburger K\u00fcnstlerInnen,<br \/>\nKulturzentrum Saalbau Homburg<\/td>\n<\/tr>\n<tr>\n<td class=\"rechts\">2013<\/td>\n<td>&#8222;Transparenz. Alles klar&#8220; &#8211;<br \/>\nJahresausstellung Homburger K\u00fcnstlerInnen,<br \/>\nKulturzentrum Saalbau Homburg<\/td>\n<\/tr>\n<tr>\n<td class=\"rechts\">2013<\/td>\n<td class=\"links\">Kunst und Wein, Bexbach<\/td>\n<\/tr>\n<tr>\n<td class=\"rechts\">2012<\/td>\n<td class=\"links\">&#8222;Licht-gestalten&#8220; &#8211; Jahresausstellung Homburger K\u00fcnstlerInnen,<br \/>\nKulturzentrum Saalbau Homburg<\/td>\n<\/tr>\n<tr>\n<td class=\"rechts\">2011<\/td>\n<td class=\"links\">Kunst und Wein, Bexbach<\/td>\n<\/tr>\n<tr>\n<td class=\"rechts\">2010<\/td>\n<td class=\"links\">&#8222;angezettelt&#8220;<br \/>\n25 Jahre Saarl\u00e4ndisches K\u00fcnstlerhaus, Saarbr\u00fccken<\/td>\n<\/tr>\n<tr>\n<td class=\"rechts\">2009<\/td>\n<td class=\"links\">Kunst und Wein, Bexbach<\/td>\n<\/tr>\n<tr>\n<td class=\"rechts\">2008<\/td>\n<td class=\"links\">Kunst und Wein, Bexbach<\/td>\n<\/tr>\n<tr>\n<td class=\"rechts\">2007<\/td>\n<td class=\"links\">Rathaus Saarwellingen<\/td>\n<\/tr>\n<tr>\n<td class=\"rechts\">2006<\/td>\n<td class=\"links\">Innenministerium des Saarlandes, Saarbr\u00fccken<\/td>\n<\/tr>\n<tr>\n<td class=\"rechts\">2005<\/td>\n<td class=\"links\">P\u00fcttlinger Schl\u00f6sschen<\/td>\n<\/tr>\n<tr>\n<td class=\"rechts\">2004<\/td>\n<td class=\"links\">Saarl\u00e4ndische Landeskunstausstellung, St. Ingbert<\/td>\n<\/tr>\n<tr>\n<td class=\"rechts\">2003<\/td>\n<td class=\"links\">Theater Trier<\/td>\n<\/tr>\n<tr>\n<td class=\"rechts\">2003<\/td>\n<td class=\"links\">Parkhotel Weiskirchen<\/td>\n<\/tr>\n<tr>\n<td class=\"rechts\">2000<\/td>\n<td class=\"links\">Galerie Atelier Libre, Ottweiler<\/td>\n<\/tr>\n<\/tbody>\n<\/table>\n","protected":false},"excerpt":{"rendered":"<p>2024 &#8222;Kippmomente&#8220; Jahresausstellung Homburger K\u00fcnstlerInnen, Kulturzentrum Saalbau Homburg 2024 &#8222;Jubil\u00e4umsausstellung des BBK&#8220; K\u00fcnstlerhaus in Saarbr\u00fccken 2024 &#8222;K\u00fcnsterInnen aus dem SaarPfalzKreis&#8220; Gemeinschaftsausstellung Kunststall, Kirkel-Altstadt 2023 &#8222;Durchbruch&#8220; Jahresausstellung Homburger K\u00fcnstlerInnen, Kulturzentrum Saalbau Homburg 2023 Atelier Fassel, n\u00f6-tage Pottendorf 2022 &#8222;Randerscheinungen&#8220; Jahresausstellung Homburger K\u00fcnstlerInnen, Kulturzentrum Saalbau Homburg 2021 Meer Erde Wald, Ilmenau 2021 Atelier Fassel, n\u00f6-tage Pottendorf 2021 &hellip; <a href=\"http:\/\/jutta-bettinger.de\/?page_id=34\" class=\"more-link\"><span class=\"screen-reader-text\">ausstellungen<\/span> weiterlesen <span class=\"meta-nav\">&rarr;<\/span><\/a><\/p>\n","protected":false},"author":1,"featured_media":0,"parent":0,"menu_order":40,"comment_status":"closed","ping_status":"closed","template":"","meta":{"footnotes":""},"class_list":["post-34","page","type-page","status-publish","hentry"],"_links":{"self":[{"href":"http:\/\/jutta-bettinger.de\/index.php?rest_route=\/wp\/v2\/pages\/34","targetHints":{"allow":["GET"]}}],"collection":[{"href":"http:\/\/jutta-bettinger.de\/index.php?rest_route=\/wp\/v2\/pages"}],"about":[{"href":"http:\/\/jutta-bettinger.de\/index.php?rest_route=\/wp\/v2\/types\/page"}],"author":[{"embeddable":true,"href":"http:\/\/jutta-bettinger.de\/index.php?rest_route=\/wp\/v2\/users\/1"}],"replies":[{"embeddable":true,"href":"http:\/\/jutta-bettinger.de\/index.php?rest_route=%2Fwp%2Fv2%2Fcomments&post=34"}],"version-history":[{"count":26,"href":"http:\/\/jutta-bettinger.de\/index.php?rest_route=\/wp\/v2\/pages\/34\/revisions"}],"predecessor-version":[{"id":1226,"href":"http:\/\/jutta-bettinger.de\/index.php?rest_route=\/wp\/v2\/pages\/34\/revisions\/1226"}],"wp:attachment":[{"href":"http:\/\/jutta-bettinger.de\/index.php?rest_route=%2Fwp%2Fv2%2Fmedia&parent=34"}],"curies":[{"name":"wp","href":"https:\/\/api.w.org\/{rel}","templated":true}]}}